 7. Is p(5) composite?
False
Let r(m) = 10*m**2 + 2*m + 7. Let s(x) = x**2 + 1. Let g(n) = r(n) - 4*s(n). Is g(-2) prime?
True
Let v(m) = m - 7. Let l be v(3). Let y = -247 + 286. Is 0 + 8/l + y prime?
True
Let f = 419 - 288. Is f prime?
True
Let v = 8270 + 4053. Is v composite?
False
Is 16/(-10 + 6) + (59547 - 4) a composite number?
False
Let m(c) = 642*c + 7. Is m(2) composite?
False
Suppose 2*q = -z + 650, -z + 86 = 5*q - 552. Suppose -4*u - 1 = y - 14, 0 = -u - 5*y + 27. Suppose u*o = 4*o - z. Is o prime?
False
Suppose 22298 = 5*s + 2143. Is s composite?
True
Let p = 3145 - 1736. Is p prime?
True
Let k be 6/3 + -3 + -3. Let b(m) = 78*m**2 + 6*m + 3. Let g(r) = -235*r**2 - 17*r - 8. Let u(v) = k*g(v) - 11*b(v). Is u(2) a prime number?
True
Is (-123590)/51*(-6)/4 a prime number?
False
Suppose 3*w + 5*v = 1755 + 2397, 0 = -5*w - v + 6898. Is w prime?
False
Let z be 3584*-1*((-3)/(-6) - 0). Let d = -225 - z. Is d composite?
False
Let b(d) = 26*d**2 - 7*d - 11. Let w(i) = i**3 - 3*i**2 - 6*i + 4. Let s be w(5). Suppose -2*f - s = 2*f. Is b(f) prime?
True
Suppose -2148903 = 327*t - 354*t. Is t a prime number?
True
Let c = -22 + 18. Let b be ((-10)/(-5))/(c/(-306)). Suppose 1123 = 4*f - b. Is f a composite number?
True
Let t be 361 - 6/(-9)*3. Let s = t + -200. Is s a composite number?
False
Suppose y - 28 = 5*l - 4, -2*y + 3*l + 20 = 0. Suppose -y*f + 30 = f. Suppose 4*b - 22 = f. Is b prime?
True
Let g(i) = -6*i**3 + 6*i + i**2 + 6*i**3 - 8*i**2 + 22 - i**3. Is g(-10) composite?
True
Let m = -67 + 103. Suppose 4*n - m = -0*n. Let i(f) = 5*f**2 - 3*f - 13. Is i(n) a composite number?
True
Let t(d) = -835*d - 165. Let l(x) = 76*x + 15. Let j(w) = w**3 + 4*w**2 + w - 2. Let q be j(-4). Let c(s) = q*t(s) - 65*l(s). Is c(7) composite?
True
Let j(m) = -m**3 + 8*m**2 - 3*m - 15. Let l be j(-6). Let o = 456 + l. Suppose -2*w = -o - 335. Is w prime?
False
Let x(t) = -5*t**3 + 2*t**3 - 2*t + 9*t**3 + 17 - 3*t**2 - t. Is x(5) a composite number?
False
Let q = 597 - -54. Let x = 1528 - q. Is x a prime number?
True
Suppose -38*d + 135935 = -7*d. Is d composite?
True
Let d(p) = 29*p**2 + 3*p + 3. Suppose 0 = g - i - 9, 2*g + 0*i = i + 13. Is d(g) composite?
False
Suppose -2*c = u - 254530, -636331 = 29*c - 34*c - u. Is c prime?
False
Suppose -7*v = -3 - 11. Let i(z) = 109*z**3 - z**2 + 2*z - 7. Is i(v) a composite number?
True
Suppose l = -3*l + 12. Let x = 8 + -6. Suppose l*v = -x*v + 3385. Is v a composite number?
False
Let x(u) = 3*u**2 + 33*u + 4. Let w(f) = f**2 + 16*f + 2. Let o(k) = 5*w(k) - 2*x(k). Is o(7) composite?
True
Let u(r) = 422*r**2 - 7*r + 359. Is u(18) prime?
False
Let m(g) = -g**3 + 9*g**2 - 7*g - 11. Is m(6) a composite number?
True
Let c be (-1)/2*(7 - 3). Let l be (-473)/(-33)*(-96)/c. Is (-4)/10 - l/(-20) prime?
False
Let s = -5 - -9. Suppose 18*p - 10517 = 3451. Suppose -5*k = -4*q - 5397, 0 = -k - s*q + p + 289. Is k composite?
True
Is ((-18)/12)/((-12)/10184 - 0) composite?
True
Let o(z) = 6*z**2 + 10*z - 29 + 3*z**2 + 3*z**2 - z**3 + 8*z. Is o(12) a prime number?
False
Let b be (22/(-33))/((-2)/18). Is b/10 + (-8968)/(-20) prime?
True
Let m = -3010 - -6613. Is m composite?
True
Suppose k = -3 + 7. Suppose 3 = k*w + 7. Is 66 + (w - 0/(-4)) prime?
False
Let c(q) = -12 + 129*q + 19 + 37. Is c(6) a prime number?
False
Let v be -54 - 1 - (3 + -4). Let d = -38 - v. Suppose d + 579 = 5*o. Is o composite?
True
Let n = 44522 - 31383. Is n a composite number?
True
Suppose 397243 = 82*n - 709839. Is n composite?
True
Let j(q) = 6*q**3 + 13*q**2 + 2*q - 19. Is j(6) a composite number?
True
Let p(n) = n**2 - n + 5. Let s be p(0). Is (-12)/(-15) + 9921/s a prime number?
False
Let p = 178 + 331. Is p a prime number?
True
Suppose 3*x + 9 = 0, 4*y = 7*y + x + 9. Is (-5)/y*((-64368)/(-15) - 2) a prime number?
True
Suppose 0 = -29*y - 150121 + 732644. Is y a prime number?
False
Let z = 7 - 1. Suppose 0 = 4*s - z*s - 20. Let k(t) = -t**2 - 13*t - 8. Is k(s) composite?
True
Let z be 1/2*-2 - -2279. Suppose 2*j = 64 + z. Is j a composite number?
False
Let v(t) = -64*t - 43. Is v(-9) composite?
True
Is (-9 + 1 - 3) + 66012 a composite number?
True
Suppose -18*t - 32000 + 166334 = 0. Is t composite?
True
Let t = 8801 + 8070. Is t prime?
True
Let m = 71 - 66. Suppose -m*u + 8324 = -3481. Is u a composite number?
True
Let a be 1 + 3 + 66/(-6). Let k be a/((-14)/(-296)) + 2. Let m = k - -369. Is m a prime number?
True
Let n = 840 + -585. Let z be 6/4*(-2)/(-1). Suppose -z*q + n = -294. Is q a composite number?
True
Is ((-80)/(-8) - 5089)/(3*-1) a prime number?
True
Let u be -10*(2 - 37/5 - -3). Is (281/(-4))/((-3)/u) a composite number?
True
Suppose 0 = -w - 3*w + 8. Is 2286/15*5/w a composite number?
True
Suppose -3*m + 184 = f + 4*f, -66 = -m - 4*f. Suppose 2*c + m = 216. Is c a composite number?
False
Let r be (36/16)/((-3)/(-360)). Let w = r - 143. Is w a prime number?
True
Suppose -46*g + 43*g + 10359 = 0. Is g a composite number?
True
Suppose 0 = -0*r + r. Suppose r = 2*z - 3*z - 24. Let c = z - -67. Is c composite?
False
Let v be (8/(-2))/1 + 2. Let k be (9 - 3)*(-31)/v. Suppose -k + 0 = -3*d. Is d a composite number?
False
Is (-8)/(-6)*4/((-96)/(-5364)) composite?
True
Let h(s) = s**3 - s**2 + 3*s - 3. Let o be h(1). Suppose 4*c - 3*c - 1497 = o. Is c a composite number?
True
Let c(o) = 5*o**3 - 15*o**2 + 10*o - 7. Is c(10) a composite number?
False
Suppose 79*z = 85*z - 19842. Is z a prime number?
True
Suppose 0*a = -3*a - d + 28, 34 = 4*a + 2*d. Suppose a*m - 5032 = 3*m. Is m a prime number?
False
Is -17 - -12 - (0 - 81184) prime?
False
Suppose 5*s + 0*t - 2690 = 4*t, s - 4*t = 522. Suppose -l + s = 120. Is l a prime number?
False
Suppose -2*j = 5*i - 17, 4*j = -i + 2*j + 5. Suppose -5*x + b = -1706, -2*x - 3*b = -i*x + 330. Let t = x + -35. Is t a composite number?
False
Let z = -25 - -11. Let h(a) = 4*a**2 + 8*a + 25. Is h(z) prime?
False
Let l(x) = 82*x**2 - 3*x - 3. Let z = -26 - -24. Is l(z) a composite number?
False
Let g = 18 - 24. Let q(i) = -35*i + 13. Is q(g) a composite number?
False
Let d(x) = -8*x**3 - 33*x + 13*x**2 + 7*x**3 + 15 + 7*x. Is d(8) composite?
False
Let a = 1736 + -690. Is a composite?
True
Suppose -68*z - 1788330 = -98*z. Is z prime?
True
Let a = -347 + 941. Suppose 2*f - a = -f. Let m = f - 119. Is m a composite number?
False
Let s(q) = 60*q + 8. Let a be s(-18). Let i = a - -2471. Is i prime?
True
Let t be ((-8)/10)/(2/5). Let b = 4 + t. Let d = b - -35. Is d a prime number?
True
Let c be 48/4*(-1)/2. Let r be 14/4 - c/(-12). Is r + 3 + 671 - 0 prime?
True
Let b = 15 - 13. Suppose -1617 = b*a + 1361. Let o = a - -2382. Is o composite?
True
Let t(b) = -b**3 + 3*b + 1. Let l be t(-2). Suppose 0 = l*m, 3*n + 363 = 2*m - 1125. Let j = -291 - n. Is j a composite number?
True
Let a(v) = -3*v**3 - v**2 - 3*v - 8. Let s be a(-5). Suppose -q = -3*w + 197 + s, -910 = -5*w - q. Is ((-16)/(-4) + w)/1 prime?
False
Let n(u) be the first derivative of 7*u**4 + u**3/3 - 2*u**2 + 9*u - 23. Is n(4) prime?
True
Is (-49)/42*2*474/(-2) a composite number?
True
Suppose -5*l = -3*i - i + 153, -i = -2*l - 60. Is l/((-1)/(-2)*(-2)/7) a prime number?
False
Let t(b) = b**2 + b + 454. Let q be ((-7)/21)/((-1)/69). Suppose 0 = -26*i + q*i. Is t(i) prime?
False
Let v = -40776 + 73979. Is v prime?
True
Suppose 4*w + 5*v + 147 = 836, 5*v = -w + 161. Suppose 4*u + w = -104. Is (3 - (u - -3)) + 1 composite?
False
Suppose -d + 3*f = 3*d - 100228, 0 = -2*f. Is d a prime number?
True
Let t = 6 + -21. Let j be (-3)/(-9) + (-40)/t. Let v = 131 + j. Is v prime?
False
Suppose 4*d - 37 - 2679 = 0. Suppose 3*c - 1388 = d. Is c a composite number?
True
Let i = -1194 - -6463. Is i composite?
True
Suppose -73693 = -d - 2*w, 55*d + 73713 = 56*d - 2*w. Is d prime?
False
Suppose -4*z = -z. Suppose -5*b - 4*o + 9*o - 25 = z, b + 3 = -o. Let j(f) = -16*f**3 + 3*f**2 + 4*f + 5. Is j(b) a composite number?
False
Let o = -8873 + 14904. Is o a prime number?
False
Let b = 23712 - 16849. Is b a composite number?
False
Suppose -14*z - 24 = -10*z. Is (z - -4)/((-1)/17) prime?
False
Let q = -55 - -51. Is ((114/q)/3)/(13/(-26)) a composite number?
False
Let x(r) = 2*r**2 + 2*r + 1. Let a be x(-2). Suppose 3*y - 363 = -3*q, 3*y - 65 - 542 = -a*q. Is q a prime number?
False
L